9
What are the prime factors of 148292595?
3, 5, 11, 43, 6967
What are the prime factors of 54202501?
1619, 33479
List the prime factors of 158982478.
2, 79491239
What are the prime factors of 252810761?
7, 2693, 13411
List the prime factors of 73555700.
2, 5, 735557
What are the prime factors of 389827459?
7, 17, 1487, 2203
What are the prime factors of 69134582?
2, 11, 3142481
What are the prime factors of 513776238?
2, 3, 29, 2952737
What are the prime factors of 602849309?
19, 491, 64621
List the prime factors of 75280263.
3, 25093421
What are the prime factors of 10570288?
2, 660643
List the prime factors of 99791074.
2, 137, 251, 1451
What are the prime factors of 1193057067?
3, 1213, 327853
List the prime factors of 307770492.
2, 3, 25647541
What are the prime factors of 1114776905?
5, 11, 20268671
List the prime factors of 24496583.
3671, 6673
List the prime factors of 57311066.
2, 59, 463, 1049
List the prime factors of 41398880.
2, 5, 258743
List the prime factors of 1782177.
3, 227, 2617
List the prime factors of 384111014.
2, 7, 27436501
List the prime factors of 5812171.
1427, 4073
List the prime factors of 130396010.
2, 5, 239, 54559
List the prime factors of 31117657.
31117657
List the prime factors of 124968804.
2, 3, 71, 146677
What are the prime factors of 126231736?
2, 15778967
List the prime factors of 48508768.
2, 7, 11, 19687
What are the prime factors of 4207061214?
2, 3, 77908541
List the prime factors of 50707089.
3, 509, 11069
What are the prime factors of 39053732?
2, 1249, 7817
List the prime factors of 1896433020.
2, 3, 5, 3511913
List the prime factors of 659263191.
3, 23, 9554539
What are the prime factors of 515665?
5, 151, 683
What are the prime factors of 18371226?
2, 3, 911, 3361
What are the prime factors of 1028156858?
2, 53, 9699593
List the prime factors of 346902686.
2, 13, 2837, 4703
List the prime factors of 2071708628.
2, 11, 103, 419, 1091
List the prime factors of 154255811.
53, 2910487
What are the prime factors of 6573002237?
67, 98104511
List the prime factors of 4443169.
19, 233851
List the prime factors of 889722229.
11, 71, 727, 1567
List the prime factors of 3214042045.
5, 1987, 323507
What are the prime factors of 3871265767?
29, 133491923
List the prime factors of 478790179.
7, 197, 347201
What are the prime factors of 387964583?
387964583
What are the prime factors of 5492978?
2, 1487, 1847
What are the prime factors of 496786183?
496786183
What are the prime factors of 541594123?
7, 37, 2091097
List the prime factors of 363087185.
5, 41, 1771157
What are the prime factors of 131597872?
2, 7, 563, 2087
List the prime factors of 112150612.
2, 7, 79, 7243
List the prime factors of 2357754531.
3, 11, 17, 4202771
What are the prime factors of 198498176?
2, 383, 4049
What are the prime factors of 69059138?
2, 197, 175277
What are the prime factors of 1756931752?
2, 219616469
What are the prime factors of 99870214?
2, 101, 494407
List the prime factors of 397414778.
2, 809, 245621
What are the prime factors of 379123567?
167, 2270201
What are the prime factors of 196472040?
2, 3, 5, 197, 8311
List the prime factors of 2429567538.
2, 3, 1091, 371153
List the prime factors of 31328483.
101, 313, 991
List the prime factors of 1459188450.
2, 3, 5, 71, 109, 419
What are the prime factors of 116576062?
2, 58288031
List the prime factors of 164879033.
11, 14989003
What are the prime factors of 103701492?
2, 3, 960199
List the prime factors of 741665874.
2, 3, 19, 6505841
List the prime factors of 60921359.
60921359
List the prime factors of 103485424.
2, 7, 923977
What are the prime factors of 4522644954?
2, 3, 251258053
What are the prime factors of 539212224?
2, 3, 2808397
What are the prime factors of 1539871804?
2, 23, 31, 17417
What are the prime factors of 174059813?
73, 2384381
What are the prime factors of 275300665?
5, 55060133
List the prime factors of 20031918.
2, 3, 211, 15823
List the prime factors of 2364392898.
2, 3, 7, 601, 31223
List the prime factors of 366798180.
2, 3, 5, 7, 211, 4139
List the prime factors of 2305194983.
7, 13, 1948601
What are the prime factors of 473273860?
2, 5, 23663693
What are the prime factors of 19840504?
2, 2480063
What are the prime factors of 3225397694?
2, 269, 5995163
What are the prime factors of 245496880?
2, 5, 3068711
What are the prime factors of 444865582?
2, 7, 19, 1033, 1619
What are the prime factors of 1902134603?
47, 40470949
List the prime factors of 2299862640.
2, 3, 5, 9582761
List the prime factors of 326033893.
157, 2076649
What are the prime factors of 469875928?
2, 19, 31, 99719
What are the prime factors of 91652046?
2, 3, 101, 151241
List the prime factors of 34740565.
5, 6948113
List the prime factors of 114205135.
5, 11, 163, 12739
List the prime factors of 131930237.
79, 1670003
What are the prime factors of 349519448?
2, 47, 929573
List the prime factors of 468934305.
3, 5, 7, 4466041
What are the prime factors of 1011181948?
2, 7, 36113641
List the prime factors of 173757597.
3, 13, 4455323
List the prime factors of 342787439.
17, 293, 68819
What are the prime factors of 644194631?
18229, 35339
What are the prime factors of 386233251?
3, 17, 601, 12601
List the prime factors of 141228619.
7, 2579, 7823
List the prime factors of 7566012.
2, 3, 73, 2879
List the prime factors of 122786318.
2, 4679, 13121
List the prime factors of 340358890.
2, 5, 101, 336989
What are the prime factors of 725178820?
2, 5, 36258941
What are the prime factors of 2157539024?
2, 109, 1237121
What are the prime factors of 524274551?
523, 643, 1559
List the prime factors of 15510731.
71, 218461
List the prime factors of 6943959161.
6943959161
What are the prime factors of 1051968104?
2, 11, 97, 123239
What are the prime factors of 10098114?
2, 3, 13, 37, 3499
List the prime factors of 58488671.
58488671
List the prime factors of 50579770.
2, 5, 29, 174413
List the prime factors of 722991759.
3, 7, 17, 2025187
What are the prime factors of 1905460172?
2, 7, 11, 61, 101419
What are the prime factors of 11315010?
2, 3, 5, 7, 53881
List the prime factors of 1320067683.
3, 11, 13334017
What are the prime factors of 89587058?
2, 11, 4072139
What are the prime factors of 52236798?
2, 3, 31, 280843
What are the prime factors of 20850044?
2, 61, 85451
What are the prime factors of 39611750?
2, 5, 23, 83
What are the prime factors of 934634340?
2, 3, 5, 59, 88007
List the prime factors of 70058640.
2, 3, 5, 83, 3517
List the prime factors of 301847922.
2, 3, 619, 27091
List the prime factors of 1631707121.
11, 148337011
What are the prime factors of 16279714?
2, 11, 43, 17209
List the prime factors of 1136969062.
2, 4703, 120877
What are the prime factors of 408525484?
2, 53, 1927007
What are the prime factors of 230917141?
7, 13, 2537551
List the prime factors of 14124687.
3, 311, 15139
List the prime factors of 98329490.
2, 5, 7, 983, 1429
List the prime factors of 564440478.
2, 3, 7, 97, 138547
List the prime factors of 77711846.
2, 3167, 12269
What are the prime factors of 115824533?
11, 233, 45191
List the prime factors of 276471402.
2, 3, 79, 583273
List the prime factors of 1649628959.
11, 149966269
What are the prime factors of 623018800?
2, 5, 1557547
List the prime factors of 1287758634.
2, 3, 8273, 25943
What are the prime factors of 977222711?
167, 257, 22769
List the prime factors of 489653043.
3, 11, 14837971
What are the prime factors of 34516966?
2, 11, 877, 1789
List the prime factors of 402851464.
2, 50356433
What are the prime factors of 517995766?
2, 8429, 30727
What are the prime factors of 7133495995?
5, 1459, 977861
What are the prime factors of 2544403123?
2544403123
List the prime factors of 6454528868.
2, 307, 5256131
List the prime factors of 120533634.
2, 3, 13, 467, 1103
What are the prime factors of 4968602801?
17, 563, 519131
What are the prime factors of 16582891?
13, 137, 9311
List the prime factors of 543930776.
2, 17, 3999491
What are the prime factors of 130761271?
83, 1575437
What are the prime factors of 2049381515?
5, 19, 41, 526157
List the prime factors of 140754698.
2, 7, 19, 529153
What are the prime factors of 166646939?
109, 1528871
List the prime factors of 387355399.
2777, 139487
What are the prime factors of 288